{"id":2,"date":"2025-01-01T11:38:35","date_gmt":"2025-01-01T10:38:35","guid":{"rendered":"https:\/\/azvok.azvo.hr\/?page_id=2"},"modified":"2025-11-07T14:48:40","modified_gmt":"2025-11-07T13:48:40","slug":"o-projektu","status":"publish","type":"page","link":"https:\/\/azvok.azvo.hr\/?page_id=2","title":{"rendered":"O projektu"},"content":{"rendered":"\n<p>Agencija za znanost i visoko obrazovanje (AZVO) u sklopu Programa U\u010dinkoviti ljudski potencijali 2021. \u2013 2027. Europskog socijalnog fonda plus (ESF+) provodi projekt SF.2.4.06.02.0001 Osiguravanje kvalitete u visokom obrazovanju kroz izravnu dodjelu bespovratnih sredstava u \u010dijem postupku sudjeluju Ministarstvo znanosti, obrazovanja i mladih kao Posredni\u010dko tijelo razine 1 i Agencija za strukovno obrazovanje i obrazovanje odraslih \u2013 Organizacijska jedinica za provedbu strukturnih instrumenata Europske Unije (DEFCO) kao Posredni\u010dko tijelo razine 2.<\/p>\n\n\n\n<blockquote class=\"wp-block-quote is-layout-flow wp-block-quote-is-layout-flow\">\n<p>Cilj projekta je osiguravanje kvalitetnog i dostupnog visokog obrazovanja kroz pove\u0107anje kvalitete i u\u010dinkovitosti rada hrvatskih visokih u\u010dili\u0161ta razvojem novih te unapre\u0111enjem postoje\u0107ih postupaka vanjskih vrednovanja i ja\u010danjem uloge unutarnjih sustava osiguravanja kvalitete na visokim u\u010dili\u0161tima.<\/p>\n<\/blockquote>\n\n\n\n<p>Uz provedbu novih modela vanjskih vrednovanja, osna\u017eivanje sustava unutarnjeg osiguravanja kvalitete, ja\u010danje kapaciteta ustanova za visoko obrazovanje i unapre\u0111ivanje internih poslovnih procesa AZVO-a, izradit \u0107e se i korisni\u010dki portal za postupke vanjskih vrednovanja u visokom obrazovanju \u010dime \u0107e se osigurati unapre\u0111enje i digitalizacija procesa koje AZVO provodi. Korisnici ovog sustava bit \u0107e djelatnici AZVO-a, \u010dlanovi stru\u010dnih tijela AZVO-a, me\u0111unarodni i doma\u0107i recenzenti i visoka u\u010dili\u0161ta.<\/p>\n\n\n\n<blockquote class=\"wp-block-quote is-layout-flow wp-block-quote-is-layout-flow\">\n<p>Tijekom projekta bit \u0107e izra\u0111eno niz smjernica, uputa i edukativnih materijala koji \u0107e i nakon projekta biti dostupni svim zainteresiranima putem mre\u017ene stranice AZVO-a, odnosno projektne stranice. Svi \u0107e pripadnici ciljnih skupina na kraju projekta imati na raspolaganju bazu znanja (prezentacija, studija i izvje\u0161\u0107a) te opse\u017ene podatke na razini institucija, programa i nacionalnoj razini koji \u0107e poslu\u017eiti za dono\u0161enje boljih strate\u0161kih i kolektivnih odluka.<\/p>\n<\/blockquote>\n\n\n\n<blockquote class=\"wp-block-quote is-layout-flow wp-block-quote-is-layout-flow\">\n<p><\/p>\n<\/blockquote>\n\n\n\n<p>U sklopu projekta provest \u0107e se sljede\u0107e aktivnosti:<\/p>\n\n\n\n<ul class=\"wp-block-list\">\n<li>provedba novog modela institucijske reakreditacije<\/li>\n\n\n\n<li>provedba novih modela inicijalne akreditacije studija<\/li>\n\n\n\n<li>uspostava i provedba modela vrednovanja provedbe programskih ugovora<\/li>\n\n\n\n<li>sudjelovanje u nacionalnim i me\u0111unarodnim udru\u017eenjima za osiguravanje kvalitete (ENQA, EQAR, CEENQA, ECA, HDK)<\/li>\n\n\n\n<li>izrada novog korisni\u010dkog portala za postupke vanjskog vrednovanja uz integraciju postoje\u0107ih sustava\/aplikacija u svrhu digitalizacije provedbe procesa vanjskih vrednovanja<\/li>\n\n\n\n<li>stru\u010dna usavr\u0161avanja djelatnika i \u010dlanova tijela AZVO-a u RH i inozemstvu u podru\u010dju osiguravanja kvalitete visokog obrazovanja<\/li>\n\n\n\n<li>provedba istra\u017eivanja i analiza u podru\u010dju osiguravanja kvalitete visokog obrazovanja<\/li>\n\n\n\n<li>provedba edukacija za visoka u\u010dili\u0161ta<\/li>\n<\/ul>\n","protected":false},"excerpt":{"rendered":"<p>Agencija za znanost i visoko obrazovanje (AZVO) u sklopu Programa U\u010dinkoviti ljudski potencijali 2021. \u2013 2027. Europskog socijalnog fonda plus (ESF+) provodi projekt SF.2.4.06.02.0001 Osiguravanje kvalitete u visokom obrazovanju kroz izravnu dodjelu bespovratnih sredstava u \u010dijem postupku sudjeluju Ministarstvo znanosti, obrazovanja i mladih kao Posredni\u010dko tijelo razine 1 i Agencija za strukovno obrazovanje i obrazovanje [&hellip;]<\/p>\n","protected":false},"author":1,"featured_media":277,"parent":0,"menu_order":0,"comment_status":"closed","ping_status":"closed","template":"","meta":{"footnotes":""},"class_list":["post-2","page","type-page","status-publish","has-post-thumbnail","hentry"],"rttpg_featured_image_url":{"full":["https:\/\/azvok.azvo.hr\/wp-content\/uploads\/2025\/10\/esf_azvok_eu_HR_2.svg",0,0,false],"landscape":["https:\/\/azvok.azvo.hr\/wp-content\/uploads\/2025\/10\/esf_azvok_eu_HR_2.svg",0,0,false],"portraits":["https:\/\/azvok.azvo.hr\/wp-content\/uploads\/2025\/10\/esf_azvok_eu_HR_2.svg",0,0,false],"thumbnail":["https:\/\/azvok.azvo.hr\/wp-content\/uploads\/2025\/10\/esf_azvok_eu_HR_2.svg",1,1,false],"medium":["https:\/\/azvok.azvo.hr\/wp-content\/uploads\/2025\/10\/esf_azvok_eu_HR_2.svg",1,1,false],"large":["https:\/\/azvok.azvo.hr\/wp-content\/uploads\/2025\/10\/esf_azvok_eu_HR_2.svg",1,1,false],"1536x1536":["https:\/\/azvok.azvo.hr\/wp-content\/uploads\/2025\/10\/esf_azvok_eu_HR_2.svg",1,1,false],"2048x2048":["https:\/\/azvok.azvo.hr\/wp-content\/uploads\/2025\/10\/esf_azvok_eu_HR_2.svg",1,1,false],"ultp_layout_landscape_large":["https:\/\/azvok.azvo.hr\/wp-content\/uploads\/2025\/10\/esf_azvok_eu_HR_2.svg",1,1,false],"ultp_layout_landscape":["https:\/\/azvok.azvo.hr\/wp-content\/uploads\/2025\/10\/esf_azvok_eu_HR_2.svg",1,1,false],"ultp_layout_portrait":["https:\/\/azvok.azvo.hr\/wp-content\/uploads\/2025\/10\/esf_azvok_eu_HR_2.svg",1,1,false],"ultp_layout_square":["https:\/\/azvok.azvo.hr\/wp-content\/uploads\/2025\/10\/esf_azvok_eu_HR_2.svg",1,1,false]},"rttpg_author":{"display_name":"azvok","author_link":"https:\/\/azvok.azvo.hr\/?author=1"},"rttpg_comment":0,"rttpg_category":null,"rttpg_excerpt":"Agencija za znanost i visoko obrazovanje (AZVO) u sklopu Programa U\u010dinkoviti ljudski potencijali 2021. \u2013 2027. Europskog socijalnog fonda plus (ESF+) provodi projekt SF.2.4.06.02.0001 Osiguravanje kvalitete u visokom obrazovanju kroz izravnu dodjelu bespovratnih sredstava u \u010dijem postupku sudjeluju Ministarstvo znanosti, obrazovanja i mladih kao Posredni\u010dko tijelo razine 1 i Agencija za strukovno obrazovanje i obrazovanje&hellip;","_links":{"self":[{"href":"https:\/\/azvok.azvo.hr\/index.php?rest_route=\/wp\/v2\/pages\/2","targetHints":{"allow":["GET"]}}],"collection":[{"href":"https:\/\/azvok.azvo.hr\/index.php?rest_route=\/wp\/v2\/pages"}],"about":[{"href":"https:\/\/azvok.azvo.hr\/index.php?rest_route=\/wp\/v2\/types\/page"}],"author":[{"embeddable":true,"href":"https:\/\/azvok.azvo.hr\/index.php?rest_route=\/wp\/v2\/users\/1"}],"replies":[{"embeddable":true,"href":"https:\/\/azvok.azvo.hr\/index.php?rest_route=%2Fwp%2Fv2%2Fcomments&post=2"}],"version-history":[{"count":3,"href":"https:\/\/azvok.azvo.hr\/index.php?rest_route=\/wp\/v2\/pages\/2\/revisions"}],"predecessor-version":[{"id":25,"href":"https:\/\/azvok.azvo.hr\/index.php?rest_route=\/wp\/v2\/pages\/2\/revisions\/25"}],"wp:featuredmedia":[{"embeddable":true,"href":"https:\/\/azvok.azvo.hr\/index.php?rest_route=\/wp\/v2\/media\/277"}],"wp:attachment":[{"href":"https:\/\/azvok.azvo.hr\/index.php?rest_route=%2Fwp%2Fv2%2Fmedia&parent=2"}],"curies":[{"name":"wp","href":"https:\/\/api.w.org\/{rel}","templated":true}]}}